{"id":5048,"date":"2022-10-05T20:13:03","date_gmt":"2022-10-05T18:13:03","guid":{"rendered":"https:\/\/www.zszarzecze.pl\/?page_id=5048"},"modified":"2022-10-10T20:55:04","modified_gmt":"2022-10-10T18:55:04","slug":"rada-rodzicow","status":"publish","type":"page","link":"https:\/\/www.zszarzecze.pl\/?page_id=5048","title":{"rendered":"Rada Rodzic\u00f3w"},"content":{"rendered":"\n<p>Rada Rodzic\u00f3w podaje szczeg\u00f3\u0142y dotycz\u0105ce konta bankowego.<\/p>\n\n\n\n<p><strong>RADA RODZIC\u00d3W przy Szkole Podstawowej im. Jana Paw\u0142a II w Zarzeczu<\/strong><\/p>\n\n\n\n<p><strong>Nr konta: 52 9106 0008 2002 0000 0895 0001<\/strong><\/p>\n\n\n\n<p>Na powy\u017csze konto prosimy wp\u0142aca\u0107 sk\u0142adk\u0119 na Rad\u0119 Rodzic\u00f3w. W roku szkolnym 2022\/2023 sk\u0142adka od dziecka ustalona zosta\u0142a w wysoko\u015bci\u00a0\u00a0<strong>50 z\u0142.<\/strong>\u00a0Przy dokonywaniu wp\u0142aty prosimy wpisa\u0107\u00a0<strong>tytu\u0142em:\u00a0 nazwisko i imi\u0119 dziecka oraz klas\u0119 do kt\u00f3rej ucz\u0119szcza<\/strong>. <\/p>\n","protected":false},"excerpt":{"rendered":"<p>Rada Rodzic\u00f3w podaje szczeg\u00f3\u0142y dotycz\u0105ce konta bankowego. RADA RODZIC\u00d3W przy Szkole Podstawowej im. Jana Paw\u0142a II w Zarzeczu Nr konta: 52 9106 0008 2002 0000 0895 0001 Na powy\u017csze konto prosimy wp\u0142aca\u0107 sk\u0142adk\u0119 na Rad\u0119 Rodzic\u00f3w. W roku szkolnym 2022\/2023 sk\u0142adka od dziecka ustalona zosta\u0142a w wysoko\u015bci\u00a0\u00a050 z\u0142.\u00a0Przy dokonywaniu wp\u0142aty prosimy wpisa\u0107\u00a0tytu\u0142em:\u00a0 nazwisko i imi\u0119 [&hellip;]<\/p>\n","protected":false},"author":1,"featured_media":0,"parent":0,"menu_order":0,"comment_status":"closed","ping_status":"closed","template":"","meta":{"ngg_post_thumbnail":0},"yoast_head":"<!-- This site is optimized with the Yoast SEO plugin v16.9 - https:\/\/yoast.com\/wordpress\/plugins\/seo\/ -->\n<title>Rada Rodzic\u00f3w - Zesp\u00f3\u0142 Szk\u00f3\u0142 w Zarzeczu<\/title>\n<meta name=\"robots\" content=\"index, follow, max-snippet:-1, max-image-preview:large, max-video-preview:-1\" \/>\n<link rel=\"canonical\" href=\"https:\/\/www.zszarzecze.pl\/?page_id=5048\" \/>\n<meta property=\"og:locale\" content=\"pl_PL\" \/>\n<meta property=\"og:type\" content=\"article\" \/>\n<meta property=\"og:title\" content=\"Rada Rodzic\u00f3w - Zesp\u00f3\u0142 Szk\u00f3\u0142 w Zarzeczu\" \/>\n<meta property=\"og:description\" content=\"Rada Rodzic\u00f3w podaje szczeg\u00f3\u0142y dotycz\u0105ce konta bankowego. RADA RODZIC\u00d3W przy Szkole Podstawowej im. Jana Paw\u0142a II w Zarzeczu Nr konta: 52 9106 0008 2002 0000 0895 0001 Na powy\u017csze konto prosimy wp\u0142aca\u0107 sk\u0142adk\u0119 na Rad\u0119 Rodzic\u00f3w. W roku szkolnym 2022\/2023 sk\u0142adka od dziecka ustalona zosta\u0142a w wysoko\u015bci\u00a0\u00a050 z\u0142.\u00a0Przy dokonywaniu wp\u0142aty prosimy wpisa\u0107\u00a0tytu\u0142em:\u00a0 nazwisko i imi\u0119 [&hellip;]\" \/>\n<meta property=\"og:url\" content=\"https:\/\/www.zszarzecze.pl\/?page_id=5048\" \/>\n<meta property=\"og:site_name\" content=\"Zesp\u00f3\u0142 Szk\u00f3\u0142 w Zarzeczu\" \/>\n<meta property=\"article:modified_time\" content=\"2022-10-10T18:55:04+00:00\" \/>\n<meta name=\"twitter:card\" content=\"summary_large_image\" \/>\n<meta name=\"twitter:label1\" content=\"Szacowany czas czytania\" \/>\n\t<meta name=\"twitter:data1\" content=\"1 minuta\" \/>\n<script type=\"application\/ld+json\" class=\"yoast-schema-graph\">{\"@context\":\"https:\/\/schema.org\",\"@graph\":[{\"@type\":\"WebSite\",\"@id\":\"https:\/\/www.zszarzecze.pl\/#website\",\"url\":\"https:\/\/www.zszarzecze.pl\/\",\"name\":\"Zesp\\u00f3\\u0142 Szk\\u00f3\\u0142 w Zarzeczu\",\"description\":\"\",\"potentialAction\":[{\"@type\":\"SearchAction\",\"target\":{\"@type\":\"EntryPoint\",\"urlTemplate\":\"https:\/\/www.zszarzecze.pl\/?s={search_term_string}\"},\"query-input\":\"required name=search_term_string\"}],\"inLanguage\":\"pl-PL\"},{\"@type\":\"WebPage\",\"@id\":\"https:\/\/www.zszarzecze.pl\/?page_id=5048#webpage\",\"url\":\"https:\/\/www.zszarzecze.pl\/?page_id=5048\",\"name\":\"Rada Rodzic\\u00f3w - Zesp\\u00f3\\u0142 Szk\\u00f3\\u0142 w Zarzeczu\",\"isPartOf\":{\"@id\":\"https:\/\/www.zszarzecze.pl\/#website\"},\"datePublished\":\"2022-10-05T18:13:03+00:00\",\"dateModified\":\"2022-10-10T18:55:04+00:00\",\"breadcrumb\":{\"@id\":\"https:\/\/www.zszarzecze.pl\/?page_id=5048#breadcrumb\"},\"inLanguage\":\"pl-PL\",\"potentialAction\":[{\"@type\":\"ReadAction\",\"target\":[\"https:\/\/www.zszarzecze.pl\/?page_id=5048\"]}]},{\"@type\":\"BreadcrumbList\",\"@id\":\"https:\/\/www.zszarzecze.pl\/?page_id=5048#breadcrumb\",\"itemListElement\":[{\"@type\":\"ListItem\",\"position\":1,\"name\":\"Home\",\"item\":\"https:\/\/www.zszarzecze.pl\/\"},{\"@type\":\"ListItem\",\"position\":2,\"name\":\"Rada Rodzic\\u00f3w\"}]}]}<\/script>\n<!-- \/ Yoast SEO plugin. -->","yoast_head_json":{"title":"Rada Rodzic\u00f3w - Zesp\u00f3\u0142 Szk\u00f3\u0142 w Zarzeczu","robots":{"index":"index","follow":"follow","max-snippet":"max-snippet:-1","max-image-preview":"max-image-preview:large","max-video-preview":"max-video-preview:-1"},"canonical":"https:\/\/www.zszarzecze.pl\/?page_id=5048","og_locale":"pl_PL","og_type":"article","og_title":"Rada Rodzic\u00f3w - Zesp\u00f3\u0142 Szk\u00f3\u0142 w Zarzeczu","og_description":"Rada Rodzic\u00f3w podaje szczeg\u00f3\u0142y dotycz\u0105ce konta bankowego. RADA RODZIC\u00d3W przy Szkole Podstawowej im. Jana Paw\u0142a II w Zarzeczu Nr konta: 52 9106 0008 2002 0000 0895 0001 Na powy\u017csze konto prosimy wp\u0142aca\u0107 sk\u0142adk\u0119 na Rad\u0119 Rodzic\u00f3w. W roku szkolnym 2022\/2023 sk\u0142adka od dziecka ustalona zosta\u0142a w wysoko\u015bci\u00a0\u00a050 z\u0142.\u00a0Przy dokonywaniu wp\u0142aty prosimy wpisa\u0107\u00a0tytu\u0142em:\u00a0 nazwisko i imi\u0119 [&hellip;]","og_url":"https:\/\/www.zszarzecze.pl\/?page_id=5048","og_site_name":"Zesp\u00f3\u0142 Szk\u00f3\u0142 w Zarzeczu","article_modified_time":"2022-10-10T18:55:04+00:00","twitter_card":"summary_large_image","twitter_misc":{"Szacowany czas czytania":"1 minuta"},"schema":{"@context":"https:\/\/schema.org","@graph":[{"@type":"WebSite","@id":"https:\/\/www.zszarzecze.pl\/#website","url":"https:\/\/www.zszarzecze.pl\/","name":"Zesp\u00f3\u0142 Szk\u00f3\u0142 w Zarzeczu","description":"","potentialAction":[{"@type":"SearchAction","target":{"@type":"EntryPoint","urlTemplate":"https:\/\/www.zszarzecze.pl\/?s={search_term_string}"},"query-input":"required name=search_term_string"}],"inLanguage":"pl-PL"},{"@type":"WebPage","@id":"https:\/\/www.zszarzecze.pl\/?page_id=5048#webpage","url":"https:\/\/www.zszarzecze.pl\/?page_id=5048","name":"Rada Rodzic\u00f3w - Zesp\u00f3\u0142 Szk\u00f3\u0142 w Zarzeczu","isPartOf":{"@id":"https:\/\/www.zszarzecze.pl\/#website"},"datePublished":"2022-10-05T18:13:03+00:00","dateModified":"2022-10-10T18:55:04+00:00","breadcrumb":{"@id":"https:\/\/www.zszarzecze.pl\/?page_id=5048#breadcrumb"},"inLanguage":"pl-PL","potentialAction":[{"@type":"ReadAction","target":["https:\/\/www.zszarzecze.pl\/?page_id=5048"]}]},{"@type":"BreadcrumbList","@id":"https:\/\/www.zszarzecze.pl\/?page_id=5048#breadcrumb","itemListElement":[{"@type":"ListItem","position":1,"name":"Home","item":"https:\/\/www.zszarzecze.pl\/"},{"@type":"ListItem","position":2,"name":"Rada Rodzic\u00f3w"}]}]}},"_links":{"self":[{"href":"https:\/\/www.zszarzecze.pl\/index.php?rest_route=\/wp\/v2\/pages\/5048"}],"collection":[{"href":"https:\/\/www.zszarzecze.pl\/index.php?rest_route=\/wp\/v2\/pages"}],"about":[{"href":"https:\/\/www.zszarzecze.pl\/index.php?rest_route=\/wp\/v2\/types\/page"}],"author":[{"embeddable":true,"href":"https:\/\/www.zszarzecze.pl\/index.php?rest_route=\/wp\/v2\/users\/1"}],"replies":[{"embeddable":true,"href":"https:\/\/www.zszarzecze.pl\/index.php?rest_route=%2Fwp%2Fv2%2Fcomments&post=5048"}],"version-history":[{"count":2,"href":"https:\/\/www.zszarzecze.pl\/index.php?rest_route=\/wp\/v2\/pages\/5048\/revisions"}],"predecessor-version":[{"id":5208,"href":"https:\/\/www.zszarzecze.pl\/index.php?rest_route=\/wp\/v2\/pages\/5048\/revisions\/5208"}],"wp:attachment":[{"href":"https:\/\/www.zszarzecze.pl\/index.php?rest_route=%2Fwp%2Fv2%2Fmedia&parent=5048"}],"curies":[{"name":"wp","href":"https:\/\/api.w.org\/{rel}","templated":true}]}}